(t) = -t**3 + 23*t**2 - 21*t - 6. Give w(r).
16
Let b(s) be the second derivative of 0 + 1/2*s**4 + s**2 + 1/20*s**5 + s - 7/6*s**3. Let x(k) = 14*k**2 + 2*k - 7. Let h be x(0). Determine b(h).
2
Let s(r) = -206050*r**3 + 5 + 103029*r**3 - 8*r + 7*r**2 - 2 + 103022*r**3. Suppose z = -x - z - 14, -3*x = -z + 21. What is s(x)?
3
Let b(t) = -t**3 + 3*t**2 + t - 1. Let n = 30 - 46. Let o be (5/(-10))/((-60)/n - 4). Determine b(o).
5
Suppose 0 = -18*b - 33 + 195. Let h(r) = 8*r**2 - 1071 + b*r - r**2 - r**3 + 1061. Calculate h(8).
-2
Let n(q) = -19*q**2 + 9 - 35*q**3 + 35*q**2 + 10*q**3 + 12*q**3 + 15*q + 12*q**3. What is n(17)?
-25
Let o be 7*-2*1/(-2). Suppose 2*h + 66 = 5*h - u, 225 = 11*h + 2*u. Suppose -o = -7*x + h. Let a(w) = w**2 - 6*w + 3. Calculate a(x).
-5
Let m(c) = -c**3 + c**2 - 14. Let r(i) = 3*i**2 + 27*i - 28. Let o be r(1). Suppose o*d = d. Determine m(d).
-14
Let s(o) = o**2 - 13*o - 3. Suppose 0 = -3*q - 2*z + 634, -2*z = -11 + 1. Let b = q + -195. What is s(b)?
-3
Let h(b) = 12*b - 15*b - 3*b. Suppose -3*t = -4*t - 5*k + 76, 5*k = -5*t + 400. Let c = -84 + t. Calculate h(c).
18
Let y(l) = l**3 + 15*l**2 + 30*l + 5. Suppose n = -q + 2*n - 11, q + 15 = -3*n. What is y(q)?
77
Let r(q) = 2*q - 15. Let i(k) = 10*k - 79. Let u(h) = 3*i(h) - 14*r(h). Give u(10).
-7
Let d(m) = -m + 0 + 4 + 0. Suppose 0 = 4*u - 2*k - 24, 0*k = 2*u - 3*k - 16. Suppose 2*a = 5*a - 5*j - 35, -2*a + 30 = -u*j. Calculate d(a).
-1
Let a(n) be the second derivative of n**4/12 - 5*n**3/6 - n. Suppose -37*z - 32*z + 808 = 133*z. Give a(z).
-4
Let d = -7612 + 7607. Let o(y) = 4*y + 5. Determine o(d).
-15
Suppose 2*k - 3*m = -7, -3*k - 3*m = -0*k - 12. Let g be (k + -11)/(-2) + -5 + 3. Let i(p) = -8*p**3 - 12*p**3 + 23*p**3 + 6 - 4*p**g + 4*p**2 + 6*p. Give i(5).
11
Suppose 1351*f = 1127*f - 2464. Let p(c) be the second derivative of -c**5/20 - c**4 - 11*c**3/6 - 3*c**2 - c. Determine p(f).
-6
Let v(q) = q**3 - 5*q + 2. Suppose 0 = 2*o + 2 - 8. Let d be (o - (7 + -4)) + 3. Let c(g) = -4*g + 15. Let j be c(d). Determine v(j).
14
Let w(h) = 19*h. Suppose 0 = -4*i + m - 2, 0 = -4*i - 2*m + 7 - 3. Suppose i = 7*k - 9*k + 5*y - 8, 8 = 4*y. Calculate w(k).
19
Let k = 2339 - 2334. Let q(h) = -2*h**3 + 9*h**2 + 9*h - 12. Give q(k).
8
Let j(l) = -3*l**2 - 16*l + 15. Let w be j(-6). Let t(r) = w + 4*r - 2 + 1 - 3. Give t(3).
11
Let b(i) = i**3 + 22*i**2 + 21*i + 4. Let k = 3499 - 3520. Give b(k).
4
Let n = -6 - -14. Let v(r) = 301*r**2 - 75*r**2 - r**3 - 97*r**2 - 121*r**2 - 3. Give v(n).
-3
Let u(x) = x**3 + 7*x**2 - 7*x + 9. Let m(f) = f**2 + 23*f - 78. Let k be m(-26). Suppose w - p + 4*p = 4, -3*w - 6*p = k. Determine u(w).
1
Suppose 2*l = 28 + 24. Suppose -74 = -8*j - l. Let w(z) = z**2 - 4*z - 6. Determine w(j).
6
Let l be 5/2*120/75. Let a(u) = -l - 6 + 8*u - 1 - 19. Let t be a(4). Let r(c) = 2*c**3 - c**2 - 2*c. Calculate r(t).
8
Let n = -1 - -2. Let y(r) be the second derivative of r**4 + 0 + 38*r + 0*r**3 - 1/2*r**2. Calculate y(n).
11
Suppose -850*w + 2448 = -238*w. Let b(u) = 3*u**2 - 19*u + 7. Determine b(w).
-21
Let c be 0 - (0 - 2/(-1)). Let a(d) be the first derivative of -1/4*d**4 + 9 - 1/2*d**2 - 1/3*d**3 + 0*d. What is a(c)?
6
Let s(b) = 75*b + 2. Let o(w) = 19*w. Let p(m) = -9*o(m) + 2*s(m). Suppose -4 + 22 = -2*g. Let x(t) = 5*t - 1. Let i(v) = g*x(v) - 2*p(v). What is i(8)?
-23
Let i = 4868 - 4883. Let g(w) = -w**3 - 14*w**2 + 19*w + 16. Determine g(i).
-44
Suppose -4*p + 11 = -5. Let b(u) = -6*u + 2. Let q(o) = -2*o - 2. Let n(k) = -k + 1. Let w(g) = 3*n(g) + q(g). Let i(z) = -6*b(z) + 7*w(z). What is i(p)?
-1
Let o(b) = 9*b**2 - b + 1. Let m be 11*26/(-1859) - 111/39. Calculate o(m).
85
Let u(t) = -t**3 + 4*t + 0 - 4 + 4*t**2 + 2. Let v(l) = 4553*l - 13655. Let a be v(3). What is u(a)?
14
Let n(t) = t**2 - 2*t + 5. Let h(u) = u + 21. Let k be h(-18). Suppose 5*v - 3*w + 12 - k = 0, 0 = -4*w + 12. What is n(v)?
5
Let b(y) = -2*y**2 + 6*y - 108. Let o(d) = -d**2 + 3*d - 46. Let w(r) = -3*b(r) + 7*o(r). What is w(6)?
-16
Let u(h) = 4*h**3 + h**2 - 3*h - 1. Let a(b) = -5*b**3 + 2*b + 2. Let s(d) = 5*a(d) + 6*u(d). Let o = 4643 - 4638. Give s(o).
-11
Suppose 2*a = -3*r + 20, 2*r - 2 - 3 = -3*a. Let g be 42/r - (-10)/(-50). Let f(k) = 26*k + 11. Let z(b) = 5*b + 2. Let s(u) = -2*f(u) + 11*z(u). What is s(g)?
12
Let a(j) be the second derivative of j**5/10 - j**4/12 + j**3/6 + 2*j**2 - 4*j - 333. Give a(-3).
-62
Let v(c) be the second derivative of c**4/12 + 7*c**3/6 - 51*c**2/2 + 539*c. What is v(-11)?
-7
Let g(r) be the first derivative of -r**2/2 - 5*r + 1. Let j(p) = 18*p**2 + 603*p - 3085. Let u be j(-38). What is g(u)?
2
Let k(u) = -u + 7. Suppose 2*o = -4*c + 8 + 14, 3*c - 5*o + 16 = 0. Calculate k(c).
4
Let f(z) be the third derivative of -z**6/120 + z**5/12 + 5*z**4/24 - 5*z**3/6 + 3*z**2 + 180. Calculate f(3).
28
Suppose -4*v + 415 - 323 = 0. Suppose 4*g = -x + 50, -g = -x - v + 8. Let b(p) = -p**3 + 14*p**2 - 11*p - 19. Give b(g).
7
Let p(f) be the second derivative of -f**5/20 + f**4/3 - f**2/2 + 180*f - 1. Determine p(3).
8
Let d(u) be the second derivative of u**4/12 + 19*u**3/6 - 18*u**2 + 7027*u. Calculate d(-18).
-54
Let w(z) = z**3 - 7*z**2 - 7*z + 17. Let r be (-17)/16*-4 - (-25)/(700/21). Calculate w(r).
-68
Let m be -1 - (-6 + (0 - -2)). Let q(w) = m*w + 0*w + 2*w - 1 + 7. Let n = 1926 + -1930. What is q(n)?
-14
Let q(d) be the second derivative of -17*d**3/6 + 2*d**2 + d. Let t(k) = -50*k - 56*k + 1 - 43*k + 145*k. Let i(g) = 2*q(g) - 9*t(g). Determine i(-1).
-3
Let g(v) = -v**2 - 15*v + 34. Let l be g(-17). Suppose 3*a - 9 = -4*s - 2*a, l = s + 2*a. Let u(h) = 4 + 3*h - 5 + 0 + 2*h + 5*h**2 - h**3. What is u(s)?
-7
Let p(m) = m**3 - 5*m**2 + 4*m - 2. Suppose -16*g = -28 - 148. Let v be 1 + (-112)/(-11) - 2/g. Suppose 23 + 21 = v*a. Calculate p(a).
-2
Let h = 9 - 10. Let s(j) = 6*j - 6. Let a(n) = 1. Let u = 30 - 29. Let i(z) = u*s(z) + 6*a(z). Calculate i(h).
-6
Let f(t) = 5756*t - 1924*t - 1920*t + 1 + t**3 - 1914*t + 3*t**2. Suppose -4*w + 3*w = -2. Calculate f(w).
17
Let o be 268/(-134)*6/4. Let h(a) = -a**2 + 2*a + 3. Let w(p) be the first derivative of p**3/3 - p**2/2 - 2*p - 3. Let z(d) = -6*h(d) - 7*w(d). What is z(o)?
2
Let d be ((-20)/70 - 82/56)*12. Let q(g) = g**3 + 23*g**2 + 41*g - 21. What is q(d)?
0
Let p(c) be the third derivative of c**5/60 - 19*c**4/24 + 19*c**3/2 + 3*c**2 + 672*c - 3. Determine p(14).
-13
Let x(l) be the third derivative of 0 + 0*l + 4/3*l**3 + 198*l**2 + 1/24*l**4. Give x(-15).
-7
Let n(p) be the second derivative of p**5/20 - 4*p**4/3 - 7*p**3/3 - p**2/2 - p - 121. Determine n(17).
50
Let l(k) = 3*k - 1. Let d(f) be the second derivative of 35*f + 68*f**2 - 38*f**2 - 39*f**2 + 8*f**3. Let s(z) = -2*d(z) + 33*l(z). Calculate s(-4).
-9
Let d be 100/(-16)*128/(-80). Let q(h) = 2*h**2 - 18*h - 15. Calculate q(d).
5
Let m(y) = y**3 + 5*y**2 + 4*y + 3. Suppose -22903 = 5*w + 9447. Let u be 1 + (-15)/18 - w/60. Let s = -110 + u. Determine m(s).
7
Let x(m) = m**3 + 7*m**2 + 11*m + 8. Let l(c) = -4*c**2 - 2*c + 16. Let u be l(2). Calculate x(u).
12
Let k(m) = 5*m**2 - 3*m. Let f be -4 + 43 + 8 + 2. Let n = 51 - f. Determine k(n).
14
Suppose 0*h + 17 = -h - 3*g, 4*g = -4. Let y = 52 - h. Suppose -36 = 5*t - y. Let c(a) = -a - 5. Calculate c(t).
-11
Let o(k) = -7*k**3 + k**2 + 2*k. Suppose -452 + 442 = 2*l - 7*l. Calculate o(l).
-48
Suppose 7*s + 4*s + 36 = 5*s. Let d(l) = 3*l**2 + 19*l + 12. Give d(s).
6
Suppose 3*y + 3*b = -6, 0 = 4*b + 23 - 3. Suppose -15 + y = -4*l. Suppose 0*d - l*d = -9. Let i(o) = -2*o + 3. What is i(d)?
-3
Let a(i) = -2*i + 7. Let y be 5 + (1/(-4))/(2/8). Give a(y).
-1
Suppose -2*g - g + 5*m - 25 = 0, 4*m - 20 = 0. Let r be (-5)/4*(-4 - (5 - 1)). Let c(h) = -56*h**2 - 3*h**3 + 55*h**2 + r + 2*h**3. Give c(g).
10
Let t(n) = 53*n - 9 - 115*n - n**2 + 52*n + 0*n**2. Let h(b) = 4*b. Let u(x) = x**3 - x - 2. Let r be u(0). Let p be h(r). Determine t(p).
7
Let w(j) = 11*j**2 - 12*j - 1. Let h(v) be the first derivative of -13*v**3/3 + 6*v**2 + v + 183. Let r(p) = -5*h(p) - 6*w(p). Give r(12).
1
Let g = -6477 + 6475. Let h(j) = 19*j - 5. Give h(g).
-43
Let l(z) = 686 - 679 - 265*z + 263*z. Determine l(5).
-3
Let m(k) be the first derivative of 5*k**2/2 - 28*k - 795. What is m(5)?
-3
Let